e units digit of u?
4
Let m = 48 + 4. Suppose 11*i - 121 - 77 = 0. Let r = i + m. What is the units digit of r?
0
Let w be 4/(-2 - (1 - 5)). Suppose -17 = 4*v + w*z + z, -3*z = -15. Let i = 7 - v. What is the units digit of i?
5
Let r(o) = -3*o + 2. Let p be r(-6). Let m = p - 44. Let d = 53 + m. What is the tens digit of d?
2
Suppose -5*l + 2*l + 543 = 0. What is the hundreds digit of l?
1
Let p = -8 + 12. Suppose -5*l + 7 = -4*n, p*n = -3*l - l - 52. What is the tens digit of (n/12)/((-2)/108)?
3
Let u(f) = 2*f - 13. Let k be u(8). Suppose -2*n - k*y + 26 = 0, 4*n + 3*y - 2*y = 42. Let o(m) = m**2 - 7*m - 12. What is the tens digit of o(n)?
1
Let z(a) be the second derivative of -a**5/20 - 5*a**4/6 + 3*a**3/2 + a**2/2 - a. What is the units digit of z(-11)?
3
Let g be (-314)/9 - 1/9. Let u = -18 - g. What is the units digit of u?
7
Let g be -3*10/6*1. What is the units digit of (g - -4)*2 + 28/1?
6
Suppose 3*q + 377 = 8*w - 3*w, 0 = -3*w + 3*q + 225. Let f be ((-6)/3)/(1/27). Let g = f + w. What is the units digit of g?
2
Suppose 5571 = 8*h + h. What is the units digit of h?
9
What is the tens digit of (-1)/(-2)*1766*-1*-2?
6
Let f(v) = -v**2 - 9*v + 5. Let m be f(-9). Suppose -5*q = -0*q - m. What is the units digit of q?
1
Let v(i) = 8*i - 14*i + 4 - 22*i - 11. What is the tens digit of v(-2)?
4
Suppose -3*d + 3*l = -1629 - 2229, 3*d + l - 3874 = 0. Suppose 0 = -12*m - d + 3102. What is the units digit of m?
1
Suppose -3*h + 2*a = -2*h, -5*h - 4*a = -42. Let y be (-969)/(-9) + h/18. Let o = y - 74. What is the units digit of o?
4
Let u(r) = 73*r + 49. Let x(t) = 36*t + 25. Let q(y) = -6*u(y) + 11*x(y). What is the hundreds digit of q(-8)?
3
Suppose 3*m + 3*m = 1164. Suppose o - m = -4*r, 3*o + 5*r = -115 + 690. What is the tens digit of o?
9
Let n = 81 + -188. Let j = n + 162. What is the units digit of j?
5
Let v = 11 + -7. Suppose -138 = -2*a + v*x, a + 37 = -2*x + 90. What is the units digit of a?
1
What is the tens digit of (66*-1 + -1)/(3/(-15))?
3
Let b(w) = -3*w + 14. Let s(u) = -u - 6. Let f be s(16). What is the tens digit of b(f)?
8
Let c(h) = h**3 - 11*h**2 + 11*h + 3. Let b be c(10). Suppose b*j - 2*j - 2266 = 0. What is the tens digit of j?
0
Suppose 7*w + 37*w - 43076 = 0. What is the hundreds digit of w?
9
Let m be -4*3/(-12) - -23. Suppose 4*v - m = 16. What is the units digit of v?
0
Suppose 404*k = 407*k - 8811. What is the units digit of k?
7
Let w be 1*((-5 - -3) + 3). Let d be (-78)/2*(-4 + w). Suppose -12 = 5*g - d. What is the units digit of g?
1
Let c(u) = -9*u + 7. Let i be c(-16). Let n = -64 + i. Suppose -n - 27 = -3*b. What is the units digit of b?
8
Let t be 2 + -1*(-2)/1. Let u(v) = -778*v**3 + 3 + 779*v**3 - v - 2*v. What is the tens digit of u(t)?
5
Suppose -5*i + 9 = -561. Suppose 3*y + 2*y = 20, -5*x = y - i. What is the units digit of x?
2
Let c = 6 - 3. Suppose -c*i = 2*i - 20. What is the tens digit of 114/i - 3/2?
2
Suppose 0 = -c + 4*n + 1576, 51*n = -5*c + 53*n + 7880. What is the tens digit of c?
7
What is the units digit of 188/(-6)*-3 + (-20)/5?
0
Suppose 95 = c - 298. Suppose -i + 85 = -2*v + c, -3*i + 626 = 4*v. What is the tens digit of v?
5
Let c be 2/15 + (-56)/(-30). Suppose -5*w = c*m - 3*m - 14, 0 = w + m - 4. Suppose 2*v - 37 = 2*j - 5*j, -2*j = -w*v + 49. What is the tens digit of v?
1
Let u(i) = -2 - i + 4*i**2 + 3*i - 2 + 5. Let c be u(4). Suppose -9 = -3*d, 2*w - w + 4*d = c. What is the units digit of w?
1
Suppose 0 = -0*i + 2*i - 40. Suppose 0 = -v - 5*q + i, 5 = 2*v + q + 1. Suppose -2*g + v*g + 3*r = -36, -4*g = -5*r - 68. What is the tens digit of g?
1
Suppose -5*w - 5*f + 15 = 0, 0 = 2*w + 3*f - 8*f - 27. What is the units digit of -187*(5 - w)*1?
7
Let l(p) = 2*p**2 - 5*p - 4. Let v be l(4). What is the units digit of 144/28*28/v?
8
Let p = 221 + -96. Let r = p + -27. What is the tens digit of r?
9
Let u = 478 - -113. What is the units digit of u?
1
Let c(a) = -38*a - 13. Let d = 136 + -142. What is the hundreds digit of c(d)?
2
Let z = 439 - 154. What is the tens digit of z?
8
Let x(j) = -3*j**3 - 2*j**2 - 1. Let u be x(3). Let n = u + 49. Let l = -24 - n. What is the units digit of l?
7
Let f = 54 + -21. Let d = 54 - f. What is the tens digit of d?
2
Suppose -36 - 4 = -5*q. Suppose 0 = r + 3*a - q, 5*r - 28 = 3*a - 6*a. Suppose -59 = -t - 4*x - 1, r*t = 3*x + 198. What is the units digit of t?
2
Let b = -839 - -3289. What is the thousands digit of b?
2
Suppose -2*j - 2*j + 4 = 0. Let s = 10 + -3. Let c = j + s. What is the units digit of c?
8
Let l(w) = w - 11. Let d be l(9). Let b be d/6 + (-88)/6. What is the tens digit of 30/(-9)*b/2?
2
Let m = -5491 + 7970. What is the hundreds digit of m?
4
Suppose -a + 3*a = -m - 420, 2*a = -3*m - 420. Let i = -86 - a. Suppose 4*q + t + t = i, -4*q + 128 = 4*t. What is the units digit of q?
0
Let c(n) = -8*n + 32. Let t(i) = 40*i - 160. Let m(p) = 14*c(p) + 3*t(p). What is the units digit of m(6)?
6
Let i = 25 + -25. Suppose -l = -4*l + 12, 0 = 3*v - 2*l - 4. Suppose -4*w - v - 4 = i, 4*h - w - 54 = 0. What is the units digit of h?
3
Let s be ((-1)/3)/(8/24). What is the units digit of ((-1)/(-2))/(s/(-74))?
7
Let j = 669 - 505. What is the hundreds digit of j?
1
Suppose g = 2*x - 237, 6*g + 241 = 2*x + g. What is the tens digit of x?
1
Let f(l) = l**2 - 2. Let y be f(3). Let c(p) = -11 - 4*p - 87*p**3 - 93*p**3 + 2 + 8*p**2 + 179*p**3. What is the units digit of c(y)?
2
What is the hundreds digit of 6525/5*1 + -4?
3
Suppose -2*q + 3721 = o, -q + 21553 - 6641 = 4*o. What is the hundreds digit of o?
7
What is the units digit of -3 - (-2 + 7788/(-4))?
6
Let p be (2/(-3))/((-1)/(-78)). Let j(n) = 3*n + 11. Let q be j(-13). Let u = q - p. What is the units digit of u?
4
Let l be 3/3*0 - -4. Let f be 96 - l/((-16)/12). Let t = f + -66. What is the tens digit of t?
3
Let s(j) = 4*j - 2. Let v be s(-6). Let x = 35 + v. What is the units digit of x?
9
Suppose -8 + 0 = -2*f. Suppose -w - 2*w = f*i - 139, 66 = 2*w - 4*i. Suppose w = 6*c - 61. What is the units digit of c?
7
Suppose 0 = 3*r - 1238 + 251. Suppose 5*n - 3*w = r + 165, 0 = -n + 3*w + 106. What is the units digit of n?
7
Suppose 0 = -3*h + 2*a + 23, -4*h - 2*a + 6*a + 24 = 0. Suppose -3*o = -2*s - 5, 2*s + o = 12 + 3. Suppose h = p - s. What is the tens digit of p?
1
Let w = -31 - -51. Let p = w + -19. Suppose -p = -2*k + 29. What is the tens digit of k?
1
Suppose 4*k + j + 2*j = 2282, 0 = -4*k + 3*j + 2270. What is the tens digit of k?
6
Let n(o) = 35*o**2 - o - 2. Let h(i) = -i**2. Let u(f) = -3*h(f) + n(f). What is the units digit of u(-1)?
7
Let l(q) = 408*q**2 - 32*q - 64. What is the units digit of l(-2)?
2
Suppose -2*v = -61 + 747. Let r = v + 593. What is the hundreds digit of r?
2
Let c(y) be the first derivative of -11*y**2/2 - 35*y + 2. What is the units digit of c(-14)?
9
Let o = -730 - -1232. What is the hundreds digit of o?
5
Let i(y) = -2*y + 11. Let g be i(6). Let t be (g - 4) + 4 + 1. Suppose t*c = 4*c - 64. What is the units digit of c?
6
Suppose 2*q + 3*l - 10 = 4*l, 5*q - l - 25 = 0. Suppose 2*v - q*v = -96. Suppose 0*o - v = -2*o. What is the tens digit of o?
1
Let c = -412 + 2349. What is the units digit of c/9 + 40/(-180)?
5
Suppose -9*j - o = -4*j - 2699, 0 = o + 1. Let n = j - 341. What is the tens digit of n?
9
Suppose 17*h = 9*h + 688. What is the units digit of h?
6
Let s(x) = -13*x**2 + 43*x - 25. Let p(k) = 6*k**2 - 22*k + 13. Let h(i) = 9*p(i) + 4*s(i). What is the units digit of h(16)?
3
Suppose 98*j - 105*j + 3332 = 0. What is the hundreds digit of j?
4
Let n(q) be the first derivative of 17*q**4 + 2*q**3/3 - q**2/2 + 12. What is the units digit of n(1)?
9
Let w(n) = -n**3 + 2*n**2 + 1020. What is the units digit of w(0)?
0
Let v = -7 - -9. Suppose 0 = -f - 5*p - 15, v*f + 2*p - 6 = 4*p. Let b = 6 - f. What is the units digit of b?
6
Let p be 0/(3 + 1 - 3). Suppose p = a + 5*g + 1 - 37, 2*a = -5*g + 92. What is the tens digit of a?
5
Let l(p) = 88*p - 79. What is the tens digit of l(6)?
4
Let g(j) be the first derivative of -2*j**2 + 4*j + 1. Let b be g(-4). Let h = b - -11. What is the tens digit of h?
3
Suppose -53 + 17 = -6*z. Suppose z*a = 274 + 716. What is the tens digit of a?
6
Let s(c) = -c**2 - 12*c + 22. Let r be s(-10). What is the unit